) to base 9
-2582302
331133200 (base 4) to base 11
162265
1a85a2 (base 11) to base 15
64701
What is -151503 (base 6) in base 4?
-3210333
-60116210 (base 7) to base 2
-10010111011100101000101
Convert 8c23b0 (base 14) to base 10.
4769814
What is 790926 (base 11) in base 13?
35180a
Convert -16484760 (base 9) to base 16.
-7e189c
What is 111041043 (base 7) in base 16?
667a43
-1201012 (base 4) to base 2
-1100001000110
-353150 (base 12) to base 14
-183b1a
What is 1eb4a2 (base 15) in base 5?
341200202
Convert -1300642 (base 8) to base 5.
-43021431
Convert -2123303231 (base 5) to base 11.
-2600323
7eec4 (base 15) to base 2
1100010110111011111
Convert 2604138 (base 9) to base 13.
3a957a
549b50 (base 12) to base 13
380b59
What is -1010001010111101000101 (base 2) in base 6?
-133052005
Convert 123030331320 (base 4) to base 5.
3311143000
Convert 12031014 (base 5) to base 6.
2215400
Convert -1111221101 (base 3) to base 4.
-13102111
Convert 550350 (base 6) to base 15.
d733
Convert -105124431 (base 6) to base 14.
-3813b5
Convert 6959a (base 15) to base 2.
1010001111000100011
What is 1b35084 (base 14) in base 13?
2a73976
What is d9dd8 (base 15) in base 6?
22453552
Convert 4f11a3 (base 16) to base 8.
23610643
Convert a8a79 (base 11) to base 16.
26a92
Convert 5034451 (base 6) to base 7.
2011324
1624e (base 15) to base 16
116e7
What is 3223002001 (base 4) in base 15?
140394
What is -2044431212 (base 5) in base 7?
-51341135
76ca4 (base 15) to base 3
201011210201
Convert 2b38b3 (base 12) to base 15.
e6e56
21a786 (base 13) to base 8
3017452
Convert 49b4c6 (base 13) to base 16.
1af73a
Convert -1519452 (base 10) to base 7.
-15625614
What is 5456919 (base 10) in base 13?
1190a60
Convert -a43548 (base 11) to base 13.
-467a90
Convert -412211052 (base 6) to base 14.
-d30960
What is -477307 (base 8) in base 12?
-7a773
Convert -11632141 (base 7) to base 11.
-657977
Convert 1042531514 (base 6) to base 10.
11333926
Convert 110011011001110111000 (base 2) to base 9.
3146514
Convert -56270 (base 9) to base 6.
-445100
-67364 (base 9) to base 6
-543134
What is 10a5c4c (base 14) in base 11?
4526892
What is -21155624 (base 7) in base 11?
-1017050
What is -580697 (base 10) in base 11?
-367317
Convert 284692 (base 10) to base 7.
2264002
-1001220010 (base 3) to base 5
-1133223
Convert -12659a (base 11) to base 10.
-199033
What is -1b884 (base 12) in base 11?
-2888a
What is 1675639 (base 13) in base 8?
33560355
Convert -174b4 (base 15) to base 2.
-10010011000110111
Convert 53226 (base 9) to base 16.
896a
What is -a33905 (base 14) in base 15?
-73a9e4
What is 18decc (base 15) in base 16?
127cc8
What is 115146 (base 14) in base 13?
178855
What is 120021220212222 (base 3) in base 13?
18b74c4
3002221 (base 5) to base 16
b852
What is 21031100 (base 6) in base 8?
2250554
What is 410532 (base 12) in base 16?
f83f6
Convert -53ba31 (base 14) to base 15.
-3b06da
7c8b30 (base 14) to base 6
231031302
Convert 10663837 (base 9) to base 5.
2311220443
110110100000010111 (base 2) to base 5
24121010
What is -61182 (base 14) in base 6?
-5001130
What is 388210 (base 12) in base 14?
1a1912
-3e6c5e (base 16) to base 11
-2344678
What is 7ca228 (base 16) in base 2?
11111001010001000101000
1dc7a (base 16) to base 12
5a70a
-11422104113 (base 5) to base 6
-1200432132
Convert 3668c2 (base 14) to base 5.
434042140
Convert -1011100010101000001011 (base 2) to base 8.
-13425013
283441 (base 9) to base 4
222101032
Convert -31d9c (base 14) to base 4.
-131131212
What is 112020211222 (base 3) in base 9?
466758
What is -210021021220 (base 3) in base 4?
-1212031203
What is -32352424 (base 6) in base 12?
-3a5714
Convert 1000212200021 (base 3) to base 7.
4443466
Convert 100212201000011 (base 3) to base 7.
62422522
Convert 5131530 (base 6) to base 15.
4ca73
Convert -26c2c (base 14) to base 3.
-11212021000
What is -7221700 (base 9) in base 8?
-16544473
What is 108407 (base 11) in base 3?
22202012102
-60a1452 (base 11) to base 5
-10224341043
What is 40111323 (base 5) in base 3?
121002002212
1010312133 (base 4) to base 6
10013343
Convert 53805 (base 15) to base 10.
265055
Convert -27252 (base 9) to base 14.
-6a0a
4100360 (base 7) to base 3
220202211222
What is 4184397 (base 10) in base 11?
23a8888
Convert -12001200202011 (base 3) to base 14.
-500746
What is c67073 (base 14) in base 6?
355403341
Convert 11133223 (base 5) to base 3.
12001001122
Convert -b36b (base 16) to base 6.
-552351
Convert -2200101102010 (base 3) to base 11.
-8934a2
-11001010110000100100 (base 2) to base 13
-231028
2011143100 (base 5) to base 12
1412375
-609bc7 (base 13) to base 12
-9059a9
Convert 1032652 (base 7) to base 11.
86627
What is -9a93b2 (base 14) in base 13?
-111a825
Convert -2432422020 (base 5) to base 14.
-a98c6d
Convert 14188491 (base 10) to base 12.
4902b23
Convert 120311122220 (base 4) to base 8.
30653250
Convert -1388487 (base 9) to base 8.
-2732517
What is 129308 (base 10) in base 9?
216335
-26541523 (base 8) to base 11
-33a3004
Convert 33124014 (base 6) to base 4.
3301330222
What is 118537 (base 9) in base 12?
35721
Convert -304056 (base 12) to base 6.
-24052150
Convert -665362 (base 9) to base 2.
-1100001000100100100
-4601952 (base 10) to base 11
-2663573
What is 18665744 (base 9) in base 8?
43766531
What is 2a999 (base 14) in base 12?
51537
cbc165 (base 13) to base 11
2786596
What is 31131003 (base 4) in base 8?
153503
-2daa1e (base 16) to base 14
-57c8a2
-6c07c (base 13) to base 9
-331334
Convert -79520 (base 10) to base 14.
-20da0
1214226 (base 7) to base 5
14431104
Convert -13222300120 (base 5) to base 7.
-261060500
What is 101010011000101001000111 (base 2) in base 3?
202220111101220
Convert -582650 (base 10) to base 2.
-10001110001111111010
What is 1120120000 (base 4) in base 16?
58600
Convert -11114 (base 16) to base 6.
-1255352
What is 358411 (base 9) in base 15?
4407d
What is 69682 (base 16) in base 7?
3445510
What is 24b15 (base 13) in base 7?
401426
-9609a (base 15) to base 3
-220011222101
Convert -321223303203 (base 4) to base 9.
-31406876
What is -1075851 (base 9) in base 15?
-b7557
-1dcdd0 (base 14) to base 16
-105efa
-18812858 (base 9) to base 15
-c7e68e
15221241 (base 6) to base 13
157ccc
-23363510 (base 9) to base 5
-10403120000
What is 66146264 (base 7) in base 10?
5675765
Convert -45123 (base 6) to base 12.
-37a3
402341 (base 6) to base 15
95b4
4247313 (base 11) to base 2
11100100001010101111100
Convert 2071d (base 16) to base 10.
132893
What is 12325553 (base 6) in base 3?
202100022220
What is 31444422 (base 5) in base 15?
53a77
What is -11003031232 (base 4) in base 9?
-2437024
What is 3b350 (base 12) in base 8?
237454
What is -600733 (base 8) in base 7?
-1450405
Convert 3507391 (base 10) to base 15.
494361
Convert -1c510 (base 14) to base 2.
-10001101010010010
Convert 50517c (base 13) to base 5.
434231342
What is -222211002020 (base 3) in base 12?
-215580
What is -488670 (base 9) in base 13?
-a43c4
1606a (base 13) to base 7
232646
What is 46e22 (base 16) in base 2?
1000110111000100010
Convert 80662 (base 12) to base 3.
22110211202
What is 1110002031 (base 4) in base 10?
344205
What is -1765117 (base 10) in base 2?
-110101110111011111101
What is 11111110000101110 (base 2) in base 15?
2882e
What is -136473 (base 13) in base 12?
-1a8640
Convert 74166 (base 11) to base 7.
626611
What is -67651 (base 13) in base 11?
-119130
Convert -120481 (base 14) to base 8.
-2262201
-661230 (base 8) to base 13
-79c93
What is 11210021212 (base 4) in base 12?
5a425a
What is 221222202011 (base 3) in base 11?
31a397
What is 18914a (base 13) in base 5?
124313120
1c0c597 (base 13) to base 10
9309658
Convert -11201031020 (base 4) to base 13.
-3b866a
6dd743 (base 14) to base 11
21405a3
869f67 (base 16) to base 10
8822631
What is 21012200011022 (base 3) in base 9?
7180138
What is 108a578 (base 11) in base 13?
518069
Convert 855680 (base 9) to base 5.
112300100
200376 (base 8) to base 9
110220
-23434 (base 15) to base 13
-3c184
111100010100000111000 (base 2) to base 11
112a976
Convert 1111111101110010 (base 2) to base 7.
361440
-69614 (base 11) to base 4
-120203112
25233504 (base 7) to base 12
919b56
2441035 (base 6) to base 5
13123324
-101122221210212 (base 3) to base 16
-567bfc
Convert -206a1a3 (base 12) to base 3.
-102111121201220
23203663 (ba